{"id":2712,"date":"2025-04-30T09:13:33","date_gmt":"2025-04-30T12:13:33","guid":{"rendered":"https:\/\/bw4tec.com.br\/?post_type=afiadora&#038;p=2712"},"modified":"2025-04-30T09:17:46","modified_gmt":"2025-04-30T12:17:46","slug":"walter-helitronic-power-production","status":"publish","type":"afiadora","link":"https:\/\/bw360.com.br\/industria\/afiadora\/walter-helitronic-power-production\/","title":{"rendered":"Afiadora Walter Helitronic Power Production"},"content":{"rendered":"\n<h2 class=\"wp-block-heading\">M\u00e1quina: Afiadora Walter Helitronic Power Production<\/h2>\n\n\n\n<ul class=\"wp-block-list\">\n<li><strong>Fabricante<\/strong>: Walter<\/li>\n\n\n\n<li><strong>Modelo<\/strong>: HELITRONIC POWER PRODUCTION<\/li>\n\n\n\n<li><strong>Ano<\/strong>: 2002<\/li>\n\n\n\n<li><strong>Condi\u00e7\u00e3o<\/strong>: Usado<\/li>\n\n\n\n<li><strong>N\u00famero de s\u00e9rie<\/strong>: 650251<\/li>\n\n\n\n<li><strong>N\u00famero de invent\u00e1rio<\/strong>: 718794<\/li>\n<\/ul>\n\n\n\n<h3 class=\"wp-block-heading\"><strong>Especifica\u00e7\u00f5es T\u00e9cnicas<\/strong> da Afiadora Walter Helitronic Power Production<\/h3>\n\n\n\n<h4 class=\"wp-block-heading\"><strong>Movimentos e Dimens\u00f5es<\/strong><\/h4>\n\n\n\n<ul class=\"wp-block-list\">\n<li><strong>Eixos de Trabalho<\/strong>:\n<ul class=\"wp-block-list\">\n<li><strong>X (longitudinal)<\/strong>: 470 mm<\/li>\n\n\n\n<li><strong>Y (vertical)<\/strong>: 320 mm<\/li>\n\n\n\n<li><strong>Z (transversal)<\/strong>: 660 mm<\/li>\n\n\n\n<li><strong>C (rota\u00e7\u00e3o da mesa)<\/strong>: \u00b1200\u00b0<\/li>\n<\/ul>\n<\/li>\n<\/ul>\n\n\n\n<h4 class=\"wp-block-heading\"><strong>Capacidades<\/strong><\/h4>\n\n\n\n<ul class=\"wp-block-list\">\n<li><strong>Suporte de pe\u00e7a<\/strong>: ISO 50<\/li>\n\n\n\n<li><strong>Di\u00e2metro m\u00e1ximo da pe\u00e7a<\/strong>: 320 mm<\/li>\n\n\n\n<li><strong>Comprimento de retifica\u00e7\u00e3o perif\u00e9rica<\/strong>: 350 mm<\/li>\n\n\n\n<li><strong>Di\u00e2metro m\u00e1ximo do rebolo<\/strong>: 200 mm<\/li>\n<\/ul>\n\n\n\n<h4 class=\"wp-block-heading\"><strong>Sistema Autom\u00e1tico<\/strong><\/h4>\n\n\n\n<ul class=\"wp-block-list\">\n<li>Carregamento autom\u00e1tico de\u00a0<em>blanks<\/em>\u00a0(paletes inclu\u00eddos).<\/li>\n\n\n\n<li>Sistema hidr\u00e1ulico est\u00e1vel para pe\u00e7as longas.<\/li>\n<\/ul>\n\n\n\n<h4 class=\"wp-block-heading\"><strong>Pot\u00eancia e Velocidade<\/strong><\/h4>\n\n\n\n<ul class=\"wp-block-list\">\n<li><strong>Pot\u00eancia do fuso de retifica\u00e7\u00e3o<\/strong>: 24 kW<\/li>\n\n\n\n<li><strong>Velocidade do fuso<\/strong>: 0\u20137000 rpm (continuamente vari\u00e1vel)<\/li>\n\n\n\n<li><strong>Carga conectada<\/strong>: 400 V \/ 50 Hz \/ 35 kVA<\/li>\n<\/ul>\n\n\n\n<h4 class=\"wp-block-heading\"><strong>Dimens\u00f5es e Peso<\/strong><\/h4>\n\n\n\n<ul class=\"wp-block-list\">\n<li><strong>Dimens\u00f5es (L x P x A)<\/strong>: 2603 \u00d7 2930 \u00d7 2280 mm (sem extra\u00e7\u00e3o)<\/li>\n\n\n\n<li><strong>Peso aproximado<\/strong>: 4500 kg<\/li>\n\n\n\n<li><strong>Cores<\/strong>: Cinza RAL 7035\/7043<\/li>\n<\/ul>\n","protected":false},"featured_media":2716,"template":"","afiadoras":[],"orca-mento":[97],"_regiao":[155],"class_list":["post-2712","afiadora","type-afiadora","status-publish","has-post-thumbnail","hentry","orca-mento-clique-aqui","_regiao-alemanha","entry","has-media"],"_links":{"self":[{"href":"https:\/\/bw360.com.br\/industria\/wp-json\/wp\/v2\/afiadora\/2712","targetHints":{"allow":["GET"]}}],"collection":[{"href":"https:\/\/bw360.com.br\/industria\/wp-json\/wp\/v2\/afiadora"}],"about":[{"href":"https:\/\/bw360.com.br\/industria\/wp-json\/wp\/v2\/types\/afiadora"}],"wp:featuredmedia":[{"embeddable":true,"href":"https:\/\/bw360.com.br\/industria\/wp-json\/wp\/v2\/media\/2716"}],"wp:attachment":[{"href":"https:\/\/bw360.com.br\/industria\/wp-json\/wp\/v2\/media?parent=2712"}],"wp:term":[{"taxonomy":"afiadoras","embeddable":true,"href":"https:\/\/bw360.com.br\/industria\/wp-json\/wp\/v2\/afiadoras?post=2712"},{"taxonomy":"orca-mento","embeddable":true,"href":"https:\/\/bw360.com.br\/industria\/wp-json\/wp\/v2\/orca-mento?post=2712"},{"taxonomy":"_regiao","embeddable":true,"href":"https:\/\/bw360.com.br\/industria\/wp-json\/wp\/v2\/_regiao?post=2712"}],"curies":[{"name":"wp","href":"https:\/\/api.w.org\/{rel}","templated":true}]}}

<h2 class="wp-block-heading">Máquina: Afiadora Walter Helitronic Power Production</h2>



<ul class="wp-block-list">
<li><strong>Fabricante</strong>: Walter</li>



<li><strong>Modelo</strong>: HELITRONIC POWER PRODUCTION</li>



<li><strong>Ano</strong>: 2002</li>



<li><strong>Condição</strong>: Usado</li>



<li><strong>Número de série</strong>: 650251</li>



<li><strong>Número de inventário</strong>: 718794</li>
</ul>



<h3 class="wp-block-heading"><strong>Especificações Técnicas</strong> da Afiadora Walter Helitronic Power Production</h3>



<h4 class="wp-block-heading"><strong>Movimentos e Dimensões</strong></h4>



<ul class="wp-block-list">
<li><strong>Eixos de Trabalho</strong>:
<ul class="wp-block-list">
<li><strong>X (longitudinal)</strong>: 470 mm</li>



<li><strong>Y (vertical)</strong>: 320 mm</li>



<li><strong>Z (transversal)</strong>: 660 mm</li>



<li><strong>C (rotação da mesa)</strong>: ±200°</li>
</ul>
</li>
</ul>



<h4 class="wp-block-heading"><strong>Capacidades</strong></h4>



<ul class="wp-block-list">
<li><strong>Suporte de peça</strong>: ISO 50</li>



<li><strong>Diâmetro máximo da peça</strong>: 320 mm</li>



<li><strong>Comprimento de retificação periférica</strong>: 350 mm</li>



<li><strong>Diâmetro máximo do rebolo</strong>: 200 mm</li>
</ul>



<h4 class="wp-block-heading"><strong>Sistema Automático</strong></h4>



<ul class="wp-block-list">
<li>Carregamento automático de <em>blanks</em> (paletes incluídos).</li>



<li>Sistema hidráulico estável para peças longas.</li>
</ul>



<h4 class="wp-block-heading"><strong>Potência e Velocidade</strong></h4>



<ul class="wp-block-list">
<li><strong>Potência do fuso de retificação</strong>: 24 kW</li>



<li><strong>Velocidade do fuso</strong>: 0–7000 rpm (continuamente variável)</li>



<li><strong>Carga conectada</strong>: 400 V / 50 Hz / 35 kVA</li>
</ul>



<h4 class="wp-block-heading"><strong>Dimensões e Peso</strong></h4>



<ul class="wp-block-list">
<li><strong>Dimensões (L x P x A)</strong>: 2603 × 2930 × 2280 mm (sem extração)</li>



<li><strong>Peso aproximado</strong>: 4500 kg</li>



<li><strong>Cores</strong>: Cinza RAL 7035/7043</li>
</ul>
